{"id":3298,"date":"2026-04-25T15:25:17","date_gmt":"2026-04-25T15:25:17","guid":{"rendered":"https:\/\/auto-deutchland.com\/?post_type=pixcar&#038;p=3298"},"modified":"2026-04-25T15:25:17","modified_gmt":"2026-04-25T15:25:17","slug":"peugeot-5008-1-6-hdi-115-ch-active","status":"publish","type":"pixcar","link":"https:\/\/auto-deutchland.com\/fr\/cars\/peugeot-5008-1-6-hdi-115-ch-active\/","title":{"rendered":"Peugeot 5008 1.6 HDi 115 ch Active"},"content":{"rendered":"<p data-start=\"125\" data-end=\"310\">Le <strong data-start=\"128\" data-end=\"169\"><span class=\"hover:entity-accent entity-underline inline cursor-pointer align-baseline\"><span class=\"whitespace-normal\">Peugeot 5008<\/span><\/span><\/strong> est un monospace spacieux et polyvalent, id\u00e9al pour les familles ou les professionnels ayant besoin d\u2019un v\u00e9hicule confortable et pratique.<\/p>\n<p data-start=\"312\" data-end=\"513\">Dans cette version <strong data-start=\"331\" data-end=\"356\">Active 1.6 HDi 115 ch<\/strong>, il offre un excellent compromis entre performance et \u00e9conomie de carburant. Son moteur diesel est reconnu pour sa fiabilit\u00e9 et sa consommation ma\u00eetris\u00e9e.<\/p>\n<p data-start=\"515\" data-end=\"783\">Gr\u00e2ce \u00e0 son habitacle modulable et son grand volume de coffre, le Peugeot 5008 est parfaitement adapt\u00e9 aux longs trajets comme \u00e0 un usage quotidien. Malgr\u00e9 son kilom\u00e9trage, il reste une option tr\u00e8s int\u00e9ressante gr\u00e2ce \u00e0 son prix accessible et sa <strong data-start=\"760\" data-end=\"780\">garantie 24 mois<\/strong>.<\/p>\n","protected":false},"excerpt":{"rendered":"<p>Le Peugeot 5008 est un monospace spacieux et polyvalent, id\u00e9al pour les familles ou les professionnels ayant besoin d\u2019un v\u00e9hicule confortable et pratique. Dans cette version Active 1.6 HDi 115 ch, il offre un excellent compromis entre performance et \u00e9conomie de carburant. Son moteur diesel est reconnu pour sa fiabilit\u00e9 et sa consommation ma\u00eetris\u00e9e. Gr\u00e2ce [&hellip;]<\/p>\n","protected":false},"featured_media":3300,"menu_order":0,"comment_status":"open","ping_status":"closed","template":"","class_list":["post-3298","pixcar","type-pixcar","status-publish","has-post-thumbnail","hentry","pixcar-cat-minivan","pixcar-body-minivan","pixcar-feature-head-up-display","pixcar-feature-automatic","pixcar-feature-bluetooth","pixcar-feature-auxiliary-heating","pixcar-feature-automatic-air-conditioning","pixcar-feature-electric-windows","pixcar-feature-isofix","pixcar-feature-hands-free-kit","pixcar-feature-heated-windshield","pixcar-feature-bi-xenon-headlights","pixcar-feature-power-assisted-steering","pixcar-feature-rain-sensor","pixcar-feature-electric-side-mirror","pixcar-feature-fold-flat-passenger-seat","pixcar-feature-electric-heated-seats","pixcar-feature-cloth-seats","pixcar-feature-ski-bag","pixcar-feature-sports-package","pixcar-feature-alarm-system","pixcar-feature-navigation-system","pixcar-feature-central-locking","pixcar-feature-xenon-headlights"],"_links":{"self":[{"href":"https:\/\/auto-deutchland.com\/fr\/wp-json\/wp\/v2\/pixcar\/3298","targetHints":{"allow":["GET"]}}],"collection":[{"href":"https:\/\/auto-deutchland.com\/fr\/wp-json\/wp\/v2\/pixcar"}],"about":[{"href":"https:\/\/auto-deutchland.com\/fr\/wp-json\/wp\/v2\/types\/pixcar"}],"replies":[{"embeddable":true,"href":"https:\/\/auto-deutchland.com\/fr\/wp-json\/wp\/v2\/comments?post=3298"}],"wp:featuredmedia":[{"embeddable":true,"href":"https:\/\/auto-deutchland.com\/fr\/wp-json\/wp\/v2\/media\/3300"}],"wp:attachment":[{"href":"https:\/\/auto-deutchland.com\/fr\/wp-json\/wp\/v2\/media?parent=3298"}],"curies":[{"name":"wp","href":"https:\/\/api.w.org\/{rel}","templated":true}]}}

<p data-start="125" data-end="310">Le <strong data-start="128" data-end="169"><span class="hover:entity-accent entity-underline inline cursor-pointer align-baseline"><span class="whitespace-normal">Peugeot 5008</span></span></strong> est un monospace spacieux et polyvalent, idéal pour les familles ou les professionnels ayant besoin d’un véhicule confortable et pratique.</p>
<p data-start="312" data-end="513">Dans cette version <strong data-start="331" data-end="356">Active 1.6 HDi 115 ch</strong>, il offre un excellent compromis entre performance et économie de carburant. Son moteur diesel est reconnu pour sa fiabilité et sa consommation maîtrisée.</p>
<p data-start="515" data-end="783">Grâce à son habitacle modulable et son grand volume de coffre, le Peugeot 5008 est parfaitement adapté aux longs trajets comme à un usage quotidien. Malgré son kilométrage, il reste une option très intéressante grâce à son prix accessible et sa <strong data-start="760" data-end="780">garantie 24 mois</strong>.</p>

<p>Le Peugeot 5008 est un monospace spacieux et polyvalent, idéal pour les familles ou les professionnels ayant besoin d’un véhicule confortable et pratique. Dans cette version Active 1.6 HDi 115 ch, il offre un excellent compromis entre performance et économie de carburant. Son moteur diesel est reconnu pour sa fiabilité et sa consommation maîtrisée. Grâce [&hellip;]</p>
